actors of 4059367530?
2, 3, 5, 167, 810253
List the prime factors of 300408261.
3, 751, 133337
List the prime factors of 33902616.
2, 3, 11, 53, 2423
What are the prime factors of 30612162?
2, 3, 7, 104123
What are the prime factors of 2832298505?
5, 566459701
What are the prime factors of 74412727?
74412727
What are the prime factors of 229294037?
7, 32756291
What are the prime factors of 343710964?
2, 17, 97, 107, 487
List the prime factors of 57227556.
2, 3, 29, 164447
List the prime factors of 823263210.
2, 3, 5, 7, 11, 5657
What are the prime factors of 88504485?
3, 5, 5900299
What are the prime factors of 596488257?
3, 173, 383101
What are the prime factors of 1495377239?
17, 47, 1871561
List the prime factors of 46071110.
2, 5, 191, 24121
What are the prime factors of 9952888?
2, 11, 17, 6653
List the prime factors of 780130918.
2, 7, 17, 19, 172519
What are the prime factors of 526699857?
3, 175566619
List the prime factors of 94452214.
2, 23, 179, 11471
What are the prime factors of 2351076940?
2, 5, 37, 41, 77491
What are the prime factors of 1020318344?
2, 67, 1903579
What are the prime factors of 78485894?
2, 61, 487, 1321
List the prime factors of 6316601978.
2, 3158300989
What are the prime factors of 607043598?
2, 3, 7, 14453419
List the prime factors of 90034193.
17, 311537
What are the prime factors of 38319229?
13, 226741
What are the prime factors of 676317676?
2, 1289, 131171
List the prime factors of 3533390477.
3533390477
List the prime factors of 8389776552.
2, 3, 643, 543661
List the prime factors of 23886607.
349, 68443
What are the prime factors of 73960343?
73960343
List the prime factors of 14466855.
3, 5, 13, 74189
What are the prime factors of 80692317?
3, 1223, 7331
List the prime factors of 1181627.
31, 47, 811
List the prime factors of 38402271.
3, 227, 18797
What are the prime factors of 57366983?
37, 103, 15053
What are the prime factors of 451137948?
2, 3, 37594829
What are the prime factors of 584483821?
43, 239, 56873
List the prime factors of 1577501038.
2, 167, 4723057
List the prime factors of 794553146.
2, 137, 2899829
What are the prime factors of 1045347210?
2, 3, 5, 47, 421, 587
List the prime factors of 1744478132.
2, 47, 9279139
List the prime factors of 111592313.
7, 15941759
List the prime factors of 4258677.
3, 43, 33013
What are the prime factors of 254989660?
2, 5, 41, 149, 2087
List the prime factors of 699735048.
2, 3, 29155627
What are the prime factors of 81587680?
2, 5, 419, 1217
What are the prime factors of 66660295?
5, 13, 1025543
List the prime factors of 800139586.
2, 400069793
List the prime factors of 8947709.
8947709
List the prime factors of 179313511.
13, 13793347
What are the prime factors of 27303580?
2, 5, 1109, 1231
List the prime factors of 105288809.
105288809
What are the prime factors of 3123231406?
2, 223, 521, 13441
List the prime factors of 7092295004.
2, 281, 6309871
List the prime factors of 1126063108.
2, 281515777
List the prime factors of 452171099.
23, 19659613
List the prime factors of 566360519.
566360519
List the prime factors of 4288218386.
2, 2549, 841157
What are the prime factors of 2086055984?
2, 1979, 65881
What are the prime factors of 125303455?
5, 61, 311, 1321
List the prime factors of 126653038.
2, 1097, 57727
What are the prime factors of 439580021?
439580021
List the prime factors of 264311559.
3, 9789317
List the prime factors of 995754089.
11, 53, 1707983
List the prime factors of 42905657.
42905657
List the prime factors of 157858129.
11, 13, 1103903
What are the prime factors of 4911162034?
2, 2455581017
What are the prime factors of 79316556?
2, 3, 11, 600883
List the prime factors of 1752678134.
2, 876339067
What are the prime factors of 642528859?
7, 91789837
What are the prime factors of 43564133?
37, 463, 2543
What are the prime factors of 268269812?
2, 67067453
List the prime factors of 3238737619.
13, 249133663
What are the prime factors of 1022073795?
3, 5, 841213
List the prime factors of 140023961.
7, 11, 151, 12043
What are the prime factors of 3856719325?
5, 41, 67, 89, 631
What are the prime factors of 853413227?
853413227
List the prime factors of 3041835630.
2, 3, 5, 31, 197, 16603
List the prime factors of 153953239.
11, 653, 21433
List the prime factors of 390013319.
390013319
What are the prime factors of 112776990?
2, 3, 5, 1567, 2399
List the prime factors of 3279195902.
2, 19, 241, 358069
List the prime factors of 23487101.
11, 2135191
List the prime factors of 59503815.
3, 5, 7, 139, 151
List the prime factors of 199766471.
29, 73, 197, 479
What are the prime factors of 56847536?
2, 23, 179, 863
What are the prime factors of 275594281?
263, 1047887
What are the prime factors of 93009131?
93009131
What are the prime factors of 4948334722?
2, 383, 1069, 6043
What are the prime factors of 1590407737?
83, 727, 26357
List the prime factors of 433682149.
223, 1944763
What are the prime factors of 134135685?
3, 5, 71, 41983
List the prime factors of 106870849.
106870849
What are the prime factors of 415262470?
2, 5, 7, 23, 37, 6971
What are the prime factors of 7743865?
5, 457, 3389
List the prime factors of 321971503.
7, 23, 109, 2621
List the prime factors of 64528900.
2, 5, 101, 6389
What are the prime factors of 363373527?
3, 11, 23, 71, 613
What are the prime factors of 420353306?
2, 3529, 59557
What are the prime factors of 1159466407?
11, 59, 162413
List the prime factors of 289133500.
2, 5, 578267
What are the prime factors of 2703036002?
2, 29, 46604069
List the prime factors of 780542902.
2, 71, 5496781
List the prime factors of 29572371.
3, 121697
What are the prime factors of 309002955?
3, 5, 20600197
What are the prime factors of 378767839?
53, 293, 24391
List the prime factors of 76308903.
3, 11, 17, 45341
What are the prime factors of 4358581864?
2, 7, 13, 379, 15797
List the prime factors of 447440356.
2, 11, 137, 199, 373
What are the prime factors of 2373884610?
2, 3, 5, 29, 2728603
List the prime factors of 4219340861.
1481, 2848981
List the prime factors of 1879817924.
2, 109, 1279, 3371
List the prime factors of 1395059550.
2, 3, 5, 167, 55691
What are the prime factors of 138068850?
2, 3, 5, 59, 15601
What are the prime factors of 356000574?
2, 3, 181, 327809
List the prime factors of 39872126.
2, 7, 2848009
What are the prime factors of 592789646?
2, 149, 179, 11113
What are the prime factors of 62014786?
2, 601, 51593
What are the prime factors of 433787054?
2, 216893527
What are the prime factors of 196201355?
5, 7, 5605753
What are the prime factors of 290293265?
5, 58058653
What are the prime factors of 2422561879?
10939, 221461
List the prime factors of 946564688.
2, 4217, 14029
What are the prime factors of 3447847684?
2, 861961921
List the prime factors of 12863974.
2, 6431987
What are the prime factors of 38076957?
3, 17, 248869
List the prime factors of 29395625.
5, 7, 6719
List the prime factors of 1136475792.
2, 3, 47, 223, 251
What are the prime factors of 272524586?
2, 17, 89, 113, 797
What are the prime factors of 684400165?
5, 541, 253013
What are the prime factors of 181680322?
2, 827, 109843
List the prime factors of 2866940930.
2, 5, 7, 37, 1106927
List the prime factors of 51487164.
2, 3, 367, 433
List the prime factors of 1530056128.
2, 521, 45887
What are the prime factors of 40791270?
2, 3, 5, 13, 104593
List the prime factors of 239738812.
2, 5849, 10247
What are the prime factors of 337607877?
3, 277, 406267
What are the prime factors of 2558422651?
2558422651
List the prime factors of 60311053.
11, 17, 322519
List the prime factors of 113427219.
3, 83, 455531
What are the prime factors of 2716315848?
2, 3, 19, 43, 61, 757
List the prime factors of 2517089832.
2, 3, 401, 87181
What are the prime factors of 123425750?
2, 5, 7, 70529
What are the prime factors of 15070007?
17, 886471
What are the prime factors of 1698943072?
2, 43, 89, 13873
List the prime factors of 1377673006.
2, 521, 1322143
What are the prime factors of 636023391?
3, 79, 631, 4253
What are the prime factors of 29924256?
2, 3, 311711
List the prime factors of 70085968.
2, 17, 23, 659
List the prime factors of 359508261.
3, 7, 353, 48497
What are the prime factors of 2318231260?
2, 5, 115911563
What are the p